{"id":50,"date":"2019-10-30T20:28:25","date_gmt":"2019-10-30T20:28:25","guid":{"rendered":"https:\/\/suszarnia.comwordpress\/?page_id=50"},"modified":"2020-05-03T22:17:32","modified_gmt":"2020-05-03T20:17:32","slug":"oferta-dla-plantatorow","status":"publish","type":"page","link":"https:\/\/suszarnia.com\/?page_id=50","title":{"rendered":"OFERTA DLA PLANTATOR\u00d3W"},"content":{"rendered":"\t\t<div data-elementor-type=\"wp-page\" data-elementor-id=\"50\" class=\"elementor elementor-50\" data-elementor-post-type=\"page\">\n\t\t\t\t\t\t<section class=\"elementor-section elementor-top-section elementor-element elementor-element-50f23361 elementor-section-stretched elementor-section-boxed elementor-section-height-default elementor-section-height-default\" data-id=\"50f23361\" data-element_type=\"section\" data-e-type=\"section\" data-settings=\"{&quot;stretch_section&quot;:&quot;section-stretched&quot;}\">\n\t\t\t\t\t\t<div class=\"elementor-container elementor-column-gap-default\">\n\t\t\t\t\t<div class=\"elementor-column elementor-col-100 elementor-top-column elementor-element elementor-element-2daae8bf\" data-id=\"2daae8bf\" data-element_type=\"column\" data-e-type=\"column\">\n\t\t\t<div class=\"elementor-widget-wrap elementor-element-populated\">\n\t\t\t\t\t\t<div class=\"elementor-element elementor-element-383eab97 elementor-widget elementor-widget-text-editor\" data-id=\"383eab97\" data-element_type=\"widget\" data-e-type=\"widget\" data-widget_type=\"text-editor.default\">\n\t\t\t\t<div class=\"elementor-widget-container\">\n\t\t\t\t\t\t\t\t\t<p><\/p>\n<h2 class=\"wp-block-heading\">\u00a0 \u00a0 \u00a0 \u00a0 \u00a0 \u00a0 \u00a0 \u00a0 \u00a0 ATRAKCYJNE WARUNKI WSP\u00d3\u0141PRACY<\/h2>\n<p><\/p>\n<p>Zapraszamy do kontaktu plantator\u00f3w z wojew\u00f3dztw: lubuskiego, wielkopolskiego i zachodniopomorskiego. Oferujemy bardzo atrakcyjne warunki wsp\u00f3\u0142pracy.<\/p>\n<p><img fetchpriority=\"high\" decoding=\"async\" class=\"size-full wp-image-128 alignright\" src=\"https:\/\/suszarnia.com\/wp-content\/uploads\/2019\/11\/SSL11421.jpg\" alt=\"\" width=\"450\" height=\"600\" srcset=\"https:\/\/suszarnia.com\/wp-content\/uploads\/2019\/11\/SSL11421.jpg 450w, https:\/\/suszarnia.com\/wp-content\/uploads\/2019\/11\/SSL11421-225x300.jpg 225w\" sizes=\"(max-width: 450px) 100vw, 450px\" \/><\/p>\n<p><\/p>\n<p>Cykori\u0119 korzeniow\u0105 mo\u017cna zaliczy\u0107 do ro\u015blin umo\u017cliwiaj\u0105cych uzyskanie znacznego i pewnego dochodu, przy stosunkowo mniejszym ryzyku w por\u00f3wnaniu do innych ro\u015blin okopowych i korzeniowych. Przy poprawnej i precyzyjnej uprawie mo\u017cna liczy\u0107 na zebranie zadowalaj\u0105cych plon\u00f3w rz\u0105du 35-40 t z ha nawet na glebach kompleksu \u017cytniego. Jak wykaza\u0142y d\u0142ugoletnie obserwacje i \u015brednie uzyskiwane plony naszych Plantator\u00f3w jest mo\u017cliwe uzyskanie plonu powy\u017cej 55 t z ha.<\/p>\n<p><\/p>\n<p>Cykoria \u0142atwiej znosi okresowe niedobory wody w por\u00f3wnaniu z burakiem cukrowym czy te\u017c ziemniakiem, jest w du\u017co mniejszym stopniu nara\u017cona na choroby i szkodniki. Uprawa cykorii wykazuje du\u017ce znaczenie m\u0105twikob\u00f3jcze, szczeg\u00f3lnie na polach o du\u017cej rotacji z burakiem cukrowym, rzepakiem czy te\u017c ziemniakiem.<\/p>\n<p><\/p>\n<p>Uprawa cykorii korzeniowej mo\u017ce stanowi\u0107 interesuj\u0105c\u0105 alternatyw\u0119 dla producent\u00f3w burak\u00f3w cukrowych, kt\u00f3rzy ze wzgl\u0119du na zmiany w cukrownictwie musieli zrezygnowa\u0107 z jego uprawy. Park maszynowy pozwalaj\u0105cy na upraw\u0119 burak\u00f3w (siewniki, agregaty uprawowe, kombajny itd.) mo\u017ce z powodzeniem by\u0107 wykorzystany w uprawie cykorii.<\/p>\n<p><\/p>\n<figure class=\"wp-block-gallery aligncenter columns-1 is-cropped wp-block-gallery-2 is-layout-flex wp-block-gallery-is-layout-flex\">\n<figure><\/figure>\n<\/figure>\n<p><\/p>\t\t\t\t\t\t\t\t<\/div>\n\t\t\t\t<\/div>\n\t\t\t\t\t<\/div>\n\t\t<\/div>\n\t\t\t\t\t<\/div>\n\t\t<\/section>\n\t\t\t\t<\/div>\n\t\t","protected":false},"excerpt":{"rendered":"<p>\u00a0 \u00a0 \u00a0 \u00a0 \u00a0 \u00a0 \u00a0 \u00a0 \u00a0 ATRAKCYJNE WARUNKI WSP\u00d3\u0141PRACY Zapraszamy do kontaktu plantator\u00f3w z wojew\u00f3dztw: lubuskiego, wielkopolskiego i zachodniopomorskiego. Oferujemy bardzo atrakcyjne warunki wsp\u00f3\u0142pracy. Cykori\u0119 korzeniow\u0105 mo\u017cna zaliczy\u0107 do ro\u015blin umo\u017cliwiaj\u0105cych uzyskanie znacznego i pewnego dochodu, przy stosunkowo mniejszym ryzyku w por\u00f3wnaniu do innych ro\u015blin okopowych i korzeniowych. Przy poprawnej i precyzyjnej&hellip;&nbsp;<a href=\"https:\/\/suszarnia.com\/?page_id=50\" class=\"\" rel=\"bookmark\">Dowiedz si\u0119 wi\u0119cej &raquo;<span class=\"screen-reader-text\">OFERTA DLA PLANTATOR\u00d3W<\/span><\/a><\/p>\n","protected":false},"author":1,"featured_media":0,"parent":0,"menu_order":0,"comment_status":"closed","ping_status":"closed","template":"","meta":{"neve_meta_sidebar":"","neve_meta_container":"","neve_meta_enable_content_width":"off","neve_meta_content_width":0,"neve_meta_title_alignment":"","neve_meta_author_avatar":"","neve_post_elements_order":"","neve_meta_disable_header":"","neve_meta_disable_footer":"","neve_meta_disable_title":"on","_themeisle_gutenberg_block_has_review":false,"footnotes":""},"class_list":["post-50","page","type-page","status-publish","hentry"],"_links":{"self":[{"href":"https:\/\/suszarnia.com\/index.php?rest_route=\/wp\/v2\/pages\/50","targetHints":{"allow":["GET"]}}],"collection":[{"href":"https:\/\/suszarnia.com\/index.php?rest_route=\/wp\/v2\/pages"}],"about":[{"href":"https:\/\/suszarnia.com\/index.php?rest_route=\/wp\/v2\/types\/page"}],"author":[{"embeddable":true,"href":"https:\/\/suszarnia.com\/index.php?rest_route=\/wp\/v2\/users\/1"}],"replies":[{"embeddable":true,"href":"https:\/\/suszarnia.com\/index.php?rest_route=%2Fwp%2Fv2%2Fcomments&post=50"}],"version-history":[{"count":15,"href":"https:\/\/suszarnia.com\/index.php?rest_route=\/wp\/v2\/pages\/50\/revisions"}],"predecessor-version":[{"id":255,"href":"https:\/\/suszarnia.com\/index.php?rest_route=\/wp\/v2\/pages\/50\/revisions\/255"}],"wp:attachment":[{"href":"https:\/\/suszarnia.com\/index.php?rest_route=%2Fwp%2Fv2%2Fmedia&parent=50"}],"curies":[{"name":"wp","href":"https:\/\/api.w.org\/{rel}","templated":true}]}}