{"id":25,"date":"2019-10-30T19:49:55","date_gmt":"2019-10-30T19:49:55","guid":{"rendered":"https:\/\/suszarnia.comwordpress\/?page_id=25"},"modified":"2026-01-31T13:25:22","modified_gmt":"2026-01-31T11:25:22","slug":"kontakt","status":"publish","type":"page","link":"https:\/\/suszarnia.com\/","title":{"rendered":"KONTAKT"},"content":{"rendered":"\t\t<div data-elementor-type=\"wp-page\" data-elementor-id=\"25\" class=\"elementor elementor-25\" data-elementor-post-type=\"page\">\n\t\t\t\t\t\t<section class=\"elementor-section elementor-top-section elementor-element elementor-element-7cd3f0eb elementor-section-stretched elementor-section-boxed elementor-section-height-default elementor-section-height-default\" data-id=\"7cd3f0eb\" data-element_type=\"section\" data-settings=\"{&quot;stretch_section&quot;:&quot;section-stretched&quot;}\">\n\t\t\t\t\t\t<div class=\"elementor-container elementor-column-gap-default\">\n\t\t\t\t\t<div class=\"elementor-column elementor-col-100 elementor-top-column elementor-element elementor-element-7bf27c9\" data-id=\"7bf27c9\" data-element_type=\"column\">\n\t\t\t<div class=\"elementor-widget-wrap elementor-element-populated\">\n\t\t\t\t\t\t<div class=\"elementor-element elementor-element-2a8937fe elementor-widget elementor-widget-text-editor\" data-id=\"2a8937fe\" data-element_type=\"widget\" data-widget_type=\"text-editor.default\">\n\t\t\t\t<div class=\"elementor-widget-container\">\n\t\t\t\t\t\t\t\t\t<h3>KONTAKT<\/h3>\n<p class=\"has-text-align-center\"><strong>Suszarnia &#8222;MI\u0118DZYRZECZ&#8221; Sp\u00f3\u0142ka Akcyjna<\/strong><br \/>66-300 Mi\u0119dzyrzecz Ul.Winnica 46<br \/>woj. lubuskie<br \/>tel. +48 (95) 7412448 \/ +48 (95) 7412449 fax. +48(95)7411835<br \/>E-mail: suszarnia@suszarnia.com<\/p>\n<p><!-- \/wp:paragraph --><!-- wp:paragraph {\"align\":\"center\"} --><\/p>\n<p class=\"has-text-align-center\">NIP: 596-000-53-06 REGON: 210017564<br \/>Numer KRS: 0000066500<br \/>S\u0105d Rejonowy w Zielonej G\u00f3rze, VIII Wydzia\u0142 Gospodarczy<br \/>Krajowego Rejestru S\u0105dowego<br \/>Kapita\u0142 zak\u0142adowy: 519.125,00 PLN<br \/>Kapita\u0142 wp\u0142acony: 519.125,00 PLN<\/p>\n<p><!-- \/wp:paragraph --><!-- wp:button {\"backgroundColor\":\"white\",\"textColor\":\"dark-gray\",\"align\":\"center\",\"className\":\"is-style-outline\"} --><\/p>\n<div class=\"wp-block-button aligncenter is-style-outline\"><a class=\"wp-block-button__link has-text-color has-dark-gray-color has-background has-white-background-color\" href=\"https:\/\/suszarnia.com\/?page_id=52\"><strong>ENGLISH VERSION<\/strong><\/a><\/div>\n<p><!-- \/wp:button --><!-- wp:image {\"id\":109} --><\/p>\n<figure class=\"wp-block-image\"><img fetchpriority=\"high\" decoding=\"async\" width=\"839\" height=\"436\" class=\"wp-image-109\" src=\"https:\/\/suszarnia.com\/wp-content\/uploads\/2019\/11\/z9435434576-1.jpg\" alt=\"\" srcset=\"https:\/\/suszarnia.com\/wp-content\/uploads\/2019\/11\/z9435434576-1.jpg 839w, https:\/\/suszarnia.com\/wp-content\/uploads\/2019\/11\/z9435434576-1-300x156.jpg 300w, https:\/\/suszarnia.com\/wp-content\/uploads\/2019\/11\/z9435434576-1-768x399.jpg 768w\" sizes=\"(max-width: 839px) 100vw, 839px\" \/><\/figure>\n<p><!-- \/wp:image --><\/p>\t\t\t\t\t\t\t\t<\/div>\n\t\t\t\t<\/div>\n\t\t\t\t\t<\/div>\n\t\t<\/div>\n\t\t\t\t\t<\/div>\n\t\t<\/section>\n\t\t\t\t<section class=\"elementor-section elementor-top-section elementor-element elementor-element-c46cb91 elementor-section-stretched elementor-section-boxed elementor-section-height-default elementor-section-height-default\" data-id=\"c46cb91\" data-element_type=\"section\" data-settings=\"{&quot;stretch_section&quot;:&quot;section-stretched&quot;}\">\n\t\t\t\t\t\t<div class=\"elementor-container elementor-column-gap-default\">\n\t\t\t\t\t<div class=\"elementor-column elementor-col-100 elementor-top-column elementor-element elementor-element-c3f6970\" data-id=\"c3f6970\" data-element_type=\"column\">\n\t\t\t<div class=\"elementor-widget-wrap elementor-element-populated\">\n\t\t\t\t\t\t<div class=\"elementor-element elementor-element-503254a elementor-widget elementor-widget-google_maps\" data-id=\"503254a\" data-element_type=\"widget\" data-widget_type=\"google_maps.default\">\n\t\t\t\t<div class=\"elementor-widget-container\">\n\t\t\t\t\t\t\t<div class=\"elementor-custom-embed\">\n\t\t\t<iframe loading=\"lazy\"\n\t\t\t\t\tsrc=\"https:\/\/maps.google.com\/maps?q=Suszarnia%20Mi%C4%99dzyrzecz&#038;t=m&#038;z=15&#038;output=embed&#038;iwloc=near\"\n\t\t\t\t\ttitle=\"Suszarnia Mi\u0119dzyrzecz\"\n\t\t\t\t\taria-label=\"Suszarnia Mi\u0119dzyrzecz\"\n\t\t\t><\/iframe>\n\t\t<\/div>\n\t\t\t\t\t\t<\/div>\n\t\t\t\t<\/div>\n\t\t\t\t\t<\/div>\n\t\t<\/div>\n\t\t\t\t\t<\/div>\n\t\t<\/section>\n\t\t\t\t<\/div>\n\t\t","protected":false},"excerpt":{"rendered":"<p>KONTAKT Suszarnia &#8222;MI\u0118DZYRZECZ&#8221; Sp\u00f3\u0142ka Akcyjna66-300 Mi\u0119dzyrzecz Ul.Winnica 46woj. lubuskietel. +48 (95) 7412448 \/ +48 (95) 7412449 fax. +48(95)7411835E-mail: suszarnia@suszarnia.com NIP: 596-000-53-06 REGON: 210017564Numer KRS: 0000066500S\u0105d Rejonowy w Zielonej G\u00f3rze, VIII Wydzia\u0142 GospodarczyKrajowego Rejestru S\u0105dowegoKapita\u0142 zak\u0142adowy: 519.125,00 PLNKapita\u0142 wp\u0142acony: 519.125,00 PLN ENGLISH VERSION<\/p>\n","protected":false},"author":1,"featured_media":0,"parent":0,"menu_order":0,"comment_status":"closed","ping_status":"closed","template":"","meta":{"neve_meta_sidebar":"","neve_meta_container":"","neve_meta_enable_content_width":"off","neve_meta_content_width":0,"neve_meta_title_alignment":"","neve_meta_author_avatar":"","neve_post_elements_order":"","neve_meta_disable_header":"","neve_meta_disable_footer":"","neve_meta_disable_title":"on","_themeisle_gutenberg_block_has_review":false,"footnotes":""},"class_list":["post-25","page","type-page","status-publish","hentry"],"_links":{"self":[{"href":"https:\/\/suszarnia.com\/index.php?rest_route=\/wp\/v2\/pages\/25","targetHints":{"allow":["GET"]}}],"collection":[{"href":"https:\/\/suszarnia.com\/index.php?rest_route=\/wp\/v2\/pages"}],"about":[{"href":"https:\/\/suszarnia.com\/index.php?rest_route=\/wp\/v2\/types\/page"}],"author":[{"embeddable":true,"href":"https:\/\/suszarnia.com\/index.php?rest_route=\/wp\/v2\/users\/1"}],"replies":[{"embeddable":true,"href":"https:\/\/suszarnia.com\/index.php?rest_route=%2Fwp%2Fv2%2Fcomments&post=25"}],"version-history":[{"count":27,"href":"https:\/\/suszarnia.com\/index.php?rest_route=\/wp\/v2\/pages\/25\/revisions"}],"predecessor-version":[{"id":441,"href":"https:\/\/suszarnia.com\/index.php?rest_route=\/wp\/v2\/pages\/25\/revisions\/441"}],"wp:attachment":[{"href":"https:\/\/suszarnia.com\/index.php?rest_route=%2Fwp%2Fv2%2Fmedia&parent=25"}],"curies":[{"name":"wp","href":"https:\/\/api.w.org\/{rel}","templated":true}]}}